(-14) - (-448)/(-98). Let a(z) be the third derivative of z**6/120 + 2*z**5/15 - z**4/12 + z**3/2 - 2*z**2. List the prime factors of a(o).
2, 11
Let s = 69461 + -30649. What are the prime factors of s?
2, 31, 313
Suppose 152*v = -19*v + 76*v + 6520705. List the prime factors of v.
68639
Let n(a) = 27*a**2 - 3*a + 229. List the prime factors of n(-10).
11, 269
Let t(b) = -94*b**2 + 11*b - 10. Let p be t(1). Let y = 262 + p. List the prime factors of y.
13
Suppose 5*w + 10*w - 8460 = 0. What are the prime factors of (-3)/(1683/w + -5 - -2)?
2, 47
Let q be 1/4 + 5/(60/(-123)). Let h be -2*15*68/q. Suppose 0 = -2*g + 2*p - 0*p + h, 0 = g + 5*p - 78. What are the prime factors of g?
2, 7
Let y(l) = l**2 - 10*l - 7. Let t be (-4)/6*(2 - 14). Let r be 58/(-8) - 2/(t*-1). What are the prime factors of y(r)?
2, 7
What are the prime factors of (-7066)/2*(-181 - -176)?
5, 3533
Let v(f) = 92*f**2 - f**3 + 0*f**3 - 14*f - 103*f**2 + 1. Let x(c) = -c**3 - 21*c**2 - 29*c + 1. Let s(g) = -5*v(g) + 3*x(g). List the prime factors of s(7).
173
Suppose 0 = 119*p + 70*p - 189. Let v = 28 + -13. What are the prime factors of 4 + (v - 2 - p)?
2
What are the prime factors of 6543028/612 - (-4)/(-18)?
10691
Suppose 23*d = 425781 + 392260. What are the prime factors of d?
7, 5081
Let p be -964*(-2 - 15/(-6)). Let t = p - -903. What are the prime factors of t?
421
Let a(h) = 8*h**2 + 5*h + 8. Suppose 19*d = -102 - 12. What are the prime factors of a(d)?
2, 7, 19
Suppose 2*a - 22902 = -12456 + 18862. List the prime factors of a.
2, 17, 431
List the prime factors of 0 + 20585 + 417 + -430.
2, 37, 139
Suppose -9448 = -11*v - 1852 + 6220. List the prime factors of v.
2, 157
Suppose 0*z + 34*z - 18*z - 97856 = 0. What are the prime factors of z?
2, 11, 139
Suppose 102015 = 38*t - 11149. List the prime factors of t.
2, 1489
Let j be 2 - ((-3 + 7)*-1 - -2). Suppose 5*t - 5*g - 1875 = 0, 7*t = j*t + g + 1117. What are the prime factors of t?
7, 53
Let s(v) = 319*v + 1273. List the prime factors of s(8).
3, 5, 17
Suppose 5*i + 3*j = 7*i - 9, -3*i + j + 17 = 0. List the prime factors of (-16)/i*(27615/(-14))/5.
2, 263
Let a = -4080 - -10591. List the prime factors of a.
17, 383
List the prime factors of ((-2958)/(-459))/(-29) - 104348/(-9).
2, 11, 17, 31
List the prime factors of 79800*((55/66)/(5/51) + -8).
2, 3, 5, 7, 19
Suppose -44 = -6*d + 10. Suppose 519 - 159 = d*w. Let k = -34 + w. List the prime factors of k.
2, 3
Let h be (-1)/(3/(-21)) - (-11 - -14). List the prime factors of 134*2/h*(-2 - -7).
5, 67
Let t = -1084 + 531. Let c = 349 - t. What are the prime factors of c?
2, 11, 41
Let r(q) = -q**3 - 13*q**2 + 14*q + 3. Let t be r(-14). Suppose -t*o = -8*o + 110. List the prime factors of 2042/o + 10/55.
3, 31
Suppose 7572465 = 413*q + 1332035. List the prime factors of q.
2, 5, 1511
Let u = -32 + 37. Suppose -x + 17 + 14 = u*p, 12 = -3*x. What are the prime factors of 417/p + 3/7?
2, 3, 5
Suppose 0 = -524*s - 3595026 + 12697954. List the prime factors of s.
2, 43, 101
Let b be 9/2*((-16)/(-3) + -2). Suppose b = x - m, 6*m - m + 59 = 4*x. What are the prime factors of x?
2
Let c(w) = w**2 - 6*w + 11. Let t be c(6). Let q be ((-1324)/t)/2 + (-4)/(-22). Let p = q - -110. What are the prime factors of p?
2, 5
List the prime factors of (-122 + -343)*(-5 + 2).
3, 5, 31
Let r(y) be the second derivative of 7*y**3/2 + 2*y**2 - y - 39. Suppose -3*n + 2 + 1 = 0. What are the prime factors of r(n)?
5
Let o = -27 + 20. Let v = o + 7. List the prime factors of (-1)/5*v - -4.
2
Suppose 9 = -7*o + 23. What are the prime factors of 5/70*o + 6822/21?
5, 13
Let t(p) = -162*p**3 - 3*p - 1. Let r be t(-2). Suppose -195 = -11*y + r. List the prime factors of y.
2, 17
Let h be (10/60)/((-2)/(-24)). Suppose -148 - 564 = -i + g, 3*g = -h*i + 1429. List the prime factors of i.
23, 31
List the prime factors of -9 + (-798)/(-90) + 656948/60 - 5.
2, 3, 19
Let f(u) = -82*u + 31. Let g(j) = 3*j. Let v(n) = f(n) - 5*g(n). List the prime factors of v(-3).
2, 7, 23
Let g be (0 + 3 + (-17)/5)*-15. Suppose -g*n + n + 245 = 0. Suppose -3*t = 3*x + 3 - 36, -4*x + t = -n. List the prime factors of x.
2, 3
Suppose 3*i - 57705 = -3*l, -l + 35224 - 131411 = -5*i. List the prime factors of i.
19237
What are the prime factors of -11131*((-121)/11 - -9)?
2, 11131
Let r = 51 - 47. Let m = r - 6. What are the prime factors of (-976)/(-12)*(-3)/m?
2, 61
Suppose 4*i + 2*l = 43088, 34*l - 38*l = 5*i - 53860. List the prime factors of i.
2, 2693
Let s = -503 + 258. Let p = s + 524. What are the prime factors of p?
3, 31
Let x = -10045 - -17704. List the prime factors of x.
3, 23, 37
List the prime factors of 1251217/102 + 2 + (-10)/12.
2, 3067
Let q(h) = -399*h + 1247. List the prime factors of q(-13).
2, 3217
Let l be (6 - 5)*(4 + (-1)/(-1)). Suppose l*t - 12738 = -17*t. List the prime factors of t.
3, 193
Let z = 372 - 235. Let f = z + -59. Suppose -f*r = -82*r + 432. What are the prime factors of r?
2, 3
Let s be 3*-2 + (-3)/18*-282. Suppose 4*b = -4*w + 432, -5*b + 2*w + w + 532 = 0. Let c = s + b. What are the prime factors of c?
2, 37
Let u(k) = -k**3 - 2*k**2 - 6*k - 13. Let z = -33 - -29. Let g be u(z). Suppose f = 163 + g. List the prime factors of f.
2, 103
Suppose -j - 376 = -3*j. Let a = 513 - j. List the prime factors of a.
5, 13
Let u(z) = -28*z + 40. Let n be u(9). Let h = n + 364. Suppose 2*k = 5*r + 56 + h, -295 = -3*k - r. List the prime factors of k.
3, 11
Suppose -2*y = 2*h, 3*y = -9 - 0. Let j(z) = 432*z + 11. What are the prime factors of j(h)?
1307
Let s be (2 - (-16)/(-10))/((-42)/(-2100)). Suppose -f + 5*k + 171 = 0, -3*k = -7*k + s. What are the prime factors of f?
2, 7
Let h(l) = 2894*l - 742. List the prime factors of h(9).
2, 3163
Let z(k) = -16*k - 3. Let i(h) = -h + 2. Let r be i(-4). Let p be ((-2)/r)/(4/24). What are the prime factors of z(p)?
29
Let h = 13412 - -18492. List the prime factors of h.
2, 997
Suppose -1207206 = 37*z - 54*z - 61*z. List the prime factors of z.
3, 7, 11, 67
Suppose -21*c + 148694 = 791. What are the prime factors of c?
7043
Suppose 5*d + p - 51670 = 0, 15*p = 13*p - 10. What are the prime factors of d?
3, 5, 13, 53
Let d(m) = 58*m - 199. Let h be d(4). Suppose h*l = 8*l + 37225. What are the prime factors of l?
1489
Suppose -2*q - 11846 = -n, n - 5190 = 3*q + 6657. List the prime factors of n.
2, 3, 7, 47
Suppose 17164 = 4*i - h, 7*i - 2*i - 5*h - 21440 = 0. Let v = i + -2940. List the prime factors of v.
2, 13
Suppose 2*d = 8*d - 84. Let t = d - 16. List the prime factors of (-5)/(-5) + -135*t/2.
2, 17
Let w(z) = -z**3 + 15*z**2 + z - 9. Let h(g) = g + 9. Let n be h(6). Let j be w(n). Let k(q) = -2*q**2 + 18*q - 21. What are the prime factors of k(j)?
3, 5
Let y be (-1 - -2)*(1 + -2)*-3. Suppose -3*o - 740 = -7*o + y*s, s = 3*o - 550. What are the prime factors of o?
2, 7, 13
Suppose 84 = 10*g + 11*g. Suppose -4*l + 20 = 8, 4*b - 912 = -g*l. List the prime factors of b.
3, 5
Suppose 3*s - 13 + 25 = 0. Let a(f) = 20*f**2 + 7*f + 6. Let p be a(s). Let q = -114 + p. What are the prime factors of q?
2, 23
Suppose 161*n - 167*n + 72 = 0. Suppose -n*b + 11981 = 1577. What are the prime factors of b?
3, 17
Let k be 2/13 + 1/(39/1008). Let j(s) = -s**2 + 30*s + 44. List the prime factors of j(k).
2, 37
Let m = -96 - -128. What are the prime factors of (-3)/4 - (-18808)/m?
587
Let y be (-16)/(-2) - (-28)/(-7). Suppose y*l + 4*l = -288. Let h = l - -80. List the prime factors of h.
2, 11
Let w = -22949 - -51213. What are the prime factors of w?
2, 3533
Let i = 14542 - 5583. What are the prime factors of i?
17, 31
Let z(y) = 984*y**3 - 2*y**2 + y + 1. Let x be 4/36*1*9. List the prime factors of z(x).
2, 3, 41
Suppose 17*d - 800 = -4*x + 21*d, -2*d + 4 = 0. Suppose x*m - 208*m = -1056. What are the prime factors of m?
2, 11
Let t be ((-32)/(-8))/(2/(-3452)). What are the prime factors of t/(-20) - (-7)/(-35)?
3, 5, 23
Let g = 5 + -2. Suppose -694 = -5*j + g*w + 1414, -1716 = -4*j - 5*w. What are the prime factors of j?
2, 53
Suppose 5*h + 32718 = 9*h + 2*u, -4*h - 5*u = -32733. Suppose 4*t - h = -1393. List the prime factors of t.
2, 53
Let x = -265 - -269. Suppose x = -2*q, 4*b + 800 = 3*q + 3230. List the prime factors of b.
2, 3, 101
Let d(a) = -437*a + 11603. 